 4*u**2 - 4*u + 6. Give g(2).
14
Let l(p) = -3*p - 2. Calculate l(-11).
31
Let j(p) = -p**3 + 7*p**2 - 4*p - 6. Give j(5).
24
Let n(h) = -2*h**2 - 4*h + 5. Calculate n(-4).
-11
Let i(z) = -30*z - 242. Give i(-8).
-2
Let l(c) = -3*c - 8. Give l(-4).
4
Let f(l) = 55*l**3 + 4*l - 4. Give f(1).
55
Let w(d) = 2*d**3 - 6*d**2 - 7*d + 18. Give w(5).
83
Let b(p) = -p**2 - 48*p - 54. Calculate b(-47).
-7
Let z(f) = 11*f + 3. Determine z(2).
25
Let o(s) = s**2 - 13*s + 4. What is o(2)?
-18
Let n(r) = r**2 - r - 12. Calculate n(5).
8
Let t(u) = 12*u**2 + 29*u - 20. Give t(-3).
1
Let g(c) = 4*c - 10. What is g(3)?
2
Let j(q) = -12*q + 1. Calculate j(-1).
13
Let i(b) = 2*b**2 + 21*b + 21. Calculate i(-1).
2
Let h(l) = 9*l + 1. Calculate h(-2).
-17
Let q(w) = -2*w**3 + 9*w**2 - 3*w + 3. Determine q(6).
-123
Let o(m) = -m**3 + 9*m**2 - 5*m + 13. Determine o(9).
-32
Let b(l) = -4*l**3 + l**2 - 1. Give b(-1).
4
Let y(m) = -2*m - 14. Give y(-8).
2
Let d(f) = -34*f + 1082. Determine d(32).
-6
Let h(t) = 28*t**2 - 2. What is h(1)?
26
Let h(f) = 11*f + 186. Calculate h(-17).
-1
Let g(r) = r**3 - 11*r**2 + r - 4. Calculate g(11).
7
Let p(t) = -t**3 - 12*t**2 - 2*t + 4. Give p(-12).
28
Let g(c) = -c**2 + 15*c - 12. Determine g(6).
42
Let k(r) = 6*r**2 + 57*r + 22. Determine k(-9).
-5
Let t(m) = m**3 + 21*m**2 - 1. What is t(-21)?
-1
Let g(f) = f**2 - 15*f - 23. Determine g(16).
-7
Let m(u) = 10*u - 71. Determine m(7).
-1
Let f(d) = d**3 + 16*d**2 + 12*d - 38. What is f(-15)?
7
Let o(s) = s**3 - 8*s**2 + 5*s - 16. Calculate o(8).
24
Let l(o) = -o**2 + o + 20. Calculate l(4).
8
Let m(y) = 14*y + 226. What is m(-16)?
2
Let o(i) = -i**3 - 6*i**2 + 8*i + 11. Determine o(-6).
-37
Let n(v) = v + 17. What is n(-21)?
-4
Let o(l) = l**2 - 2*l - 17. Give o(4).
-9
Let v(c) = -11*c + 2. Give v(-3).
35
Let k(u) = u**2 - 16*u + 62. Calculate k(7).
-1
Let o(t) = t**3 + 6*t**2 - 8. What is o(-6)?
-8
Let j(m) = -m**3 - 6*m**2 - 10*m - 5. Calculate j(-4).
3
Let l(h) = h**2 + 4*h + 6. Calculate l(-2).
2
Let r(c) = c**3 + 17*c**2 + 13*c - 55. Determine r(-16).
-7
Let h(o) = 2*o + 4. Give h(6).
16
Let x(v) = 5*v - 67. Calculate x(21).
38
Let p(h) = h**3 + 15*h**2 + 13*h + 5. Determine p(-14).
19
Let a(d) = -d**2 + 31*d + 140. Determine a(35).
0
Let d(g) = -g**2 - 11*g - 15. Give d(-6).
15
Let v(z) = -z - 20. Calculate v(-7).
-13
Let q(s) = -4*s + 11. Give q(1).
7
Let n(x) = x**3 + 16*x**2 + x + 1. Determine n(-16).
-15
Let m(l) = -l**3 + 11*l**2 - 3*l + 13. Give m(11).
-20
Let y(g) = -g**2 + 7*g + 6. Give y(-4).
-38
Let d(i) = -i**2 - 5*i + 29. Determine d(-7).
15
Let k(m) = -m**2 - 4*m - 14. Determine k(-4).
-14
Let s(d) = 2*d**2 - 10*d + 8. Give s(5).
8
Let f(d) = 2*d**3 - d**2 - d. What is f(-2)?
-18
Let r(o) = 6*o + 48. Give r(-7).
6
Let s(i) = -i**2 - 5*i + 34. Determine s(-10).
-16
Let z(u) = -u**2 - 12*u + 75. What is z(8)?
-85
Let k(r) = r**3 + 4*r**2 - 13*r - 6. Give k(-6).
0
Let h(z) = 18*z + 40. Calculate h(0).
40
Let t(b) = b**3 + 24*b**2 - 28*b - 68. Determine t(-25).
7
Let n(u) = -4*u - 33. Give n(-8).
-1
Let a(n) = -2*n**2 - 33*n + 15. Calculate a(-17).
-2
Let b(g) = 11*g - 7. Give b(2).
15
Let x(s) = s**2 + 6*s + 5. What is x(-1)?
0
Let x(f) = 12*f + 27. Give x(-6).
-45
Let x(a) = a**3 - 8*a**2 + 5. Determine x(2).
-19
Let w(z) = -z + 9. Calculate w(8).
1
Let y(b) = -b**3 - 8*b**2 + 17*b - 14. What is y(-10)?
16
Let g(o) = -o**2 - 25*o - 133. What is g(-17)?
3
Let f(a) = -17*a - 46. Determine f(-5).
39
Let v(w) = w**2 + 5*w - 19. Give v(-8).
5
Let a(h) = 2*h**3 + 7*h**2 + 4*h - 4. Determine a(-4).
-36
Let x(b) = 7*b**2 + b + 21. Determine x(-4).
129
Let i(j) = 2*j - 36. Determine i(20).
4
Let s(q) = 3*q - 4. What is s(-2)?
-10
Let l(i) = 54*i**2 - 1. Determine l(1).
53
Let w(r) = 6*r**3 - r**2 + 6*r - 12. What is w(3)?
159
Let f(t) = -t**3 + 18*t**2 + 20*t - 16. Calculate f(19).
3
Let z(b) = -b + 6. Calculate z(2).
4
Let z(o) = o**3 - o**2 - 3*o + 4. Determine z(0).
4
Let p(f) = -2*f + 27. Give p(10).
7
Let t(z) = -3*z**2 + z. What is t(2)?
-10
Let s(t) = -t**3 + 7*t**2 - 7*t - 9. Calculate s(6).
-15
Let j(v) = -14*v - 49. Determine j(-5).
21
Let u(s) = 3*s**2 + 11*s + 7. What is u(-3)?
1
Let c(p) = p**3 + 2*p**2 - 2*p - 1. Give c(-3).
-4
Let u(c) = 4*c - 2. Calculate u(-1).
-6
Let q(f) = -f**2 + 8*f - 10. Determine q(6).
2
Let j(s) = s**3 + 13*s**2 + 2*s + 27. Give j(-13).
1
Let q(o) = 67*o - 261. Calculate q(4).
7
Let s(r) = -r**3 + 7*r**2 - 11*r - 1. What is s(5)?
-6
Let y(a) = -a**3 + 22*a**2 - 23*a + 4. Give y(21).
-38
Let k(g) = -6*g**2 - 39*g + 22. Calculate k(-7).
1
Let o(n) = -28*n - 953. What is o(-34)?
-1
Let b(q) = 6*q + 79. Determine b(-14).
-5
Let a(t) = -t**2 + 4*t + 7. Give a(5).
2
Let g(d) = -2*d**3 + 19*d**2 - 9*d. What is g(9)?
0
Let x(n) = -65*n + 315. Calculate x(5).
-10
Let i(f) = 2*f**2 - 11*f - 50. Calculate i(9).
13
Let s(k) = 11*k - 31. Give s(0).
-31
Let b(a) = a**3 + 6*a**2. Calculate b(-6).
0
Let f(w) = w**2 + 24*w + 104. Give f(-18).
-4
Let w(m) = -2*m**2 + 25*m - 38. Determine w(11).
-5
Let c(h) = -31*h - 214. Give c(-7).
3
Let z(b) = b**3 + 11*b**2 - 11*b - 14. What is z(-12)?
-26
Let s(t) = -31*t + 289. Calculate s(9).
10
Let u(v) = 2*v**3 + 20*v**2 - 11. Calculate u(-10).
-11
Let c(u) = -6*u**2 + 3*u - 2. What is c(1)?
-5
Let c(p) = 3*p - 25. Calculate c(6).
-7
Let z(t) = -t**2 - 2*t + 7. Determine z(2).
-1
Let y(w) = -w**3 - 2*w**2 + 2*w - 13. Calculate y(-4).
11
Let h(m) = -m**3 - 16*m**2 - 2*m - 30. Calculate h(-16).
2
Let x(w) = 5*w + 56. Determine x(-11).
1
Let j(g) = g**2 - 13*g - 4. Determine j(14).
10
Let l(p) = 4*p**2 - 16*p + 6. Give l(7).
90
Let h(s) = -2*s + 5. What is h(4)?
-3
Let q(h) = h**3 - 19*h**2 - 44*h + 39. What is q(21)?
-3
Let p(o) = 2*o**2 - 21*o - 14. Give p(11).
-3
Let d(s) = -2*s**2 - 33*s - 28. Give d(-13).
63
Let d(v) = 4*v - 2. Determine d(3).
10
Let k(i) = i + 2. Calculate k(11).
13
Let l(g) = 7*g - 54. What is l(7)?
-5
Let s(h) = h**2 - 7*h - 22. What is s(8)?
-14
Let x(f) = -26*f**3 + f**2 + f - 1. Give x(1).
-25
Let d(a) = a**2 - 11*a + 2. Determine d(14).
44
Let o(d) = d**2 + 13*d + 12. Give o(-12).
0
Let j(b) = b**2 - b - 32. Determine j(0).
-32
Let k(q) = -q**2 + 8*q. What is k(5)?
15
Let h(o) = -o**2 - 10*o - 6. Calculate h(-7).
15
Let f(k) = k**3 + 4*k**2 - 6*k + 3. Calculate f(-6).
-33
Let q(k) = 17*k. Determine q(-1).
-17
Let w(i) = 9*i - 7. Calculate w(-1).
-16
Let p(y) = y**2 + 12*y + 2. Calculate p(-12).
2
Let k(a) = -a - 9. Calculate k(-6).
-3
Let k(v) = -v**3 - 14*v**2 - 18*v - 46. What is k(-13)?
19
Let g(w) = 25*w + 392. Determine g(-16).
-8
Let k(p) = 6*p + 101. Give k(-18).
-7
Let w(r) = -2*r**2 - 61*r - 30. Determine w(-30).
0
Let i(b) = b**2 + 6*b + 10. Give i(-4).
2
Let s(f) = -f**3 + 7*f**2 - 11*f. Give s(4).
4
Let m(z) = 39*z + 205. Give m(-5).
10
Let o(b) = 12*b + 2. Calculate o(0).
2
Let l(k) = -k**2 - 4*k + 4. Determine l(-8).
-28
Let x(s) = 3*s + 13. Give x(10).
43
Let n(a) = -a + 2. What is n(-1)?
3
Let l(q) = q**3 - 11*q**2 + 10*q - 2. Determine l(10).
-2
Let x(o) = -6*o - 10. Calculate x(-2).
2
Let b(v) = -6*v - 3. Give b(2).
-15
Let g(q) = q**2 - 17*q + 11. What is g(13)?
-41
Let k(v) = v + 2. Calculate k(-10).
-8
Let z(q) = -q**3 + 17*q**2 - 17*q + 24. Calculate z(16).
8
Let z(k) = 52*k - 40. What is z(1)?
12
Let o(n) = 40*n - 10. What is o(2)?
70
Let h(r) = r**3 + 13*r**2 + 9*r - 19. Determine h(-12).
17
Let o(i) = -i**2 - 19*i - 38. Give o(-17).
-4
Let o(b) = -3*b**2 - b + 2. Calculate o(2).
-12
Let o(k) = 3*k + 4. Give o(3).
13
Let l(n) = -33*n - 73. Give l(-2).
-7
Let b(r) = 2*r**2 + 20*r - 5. Determine b(-10).
-5
Let s(j) = -j**2 - j - 14. Calculate s(0).
-14
Let q(p) = -2*p**3 + 17*p**2 - 8*p + 6. Give q(8).
6
Let m(i) = -i**3 + 6*i**2 - 3*i + 17. Calculate m(7).
-53
Let q(j) = j**3 + 12*j**2 - 15*j - 14. What is q(-13)?
12
Let f(a) = -13*a + 6. Give f(4).
-46
Let j(q) = -q**2 + 12*q + 19. What is j(13)?
6
Let w(d) = 6*d**2 + 4*d - 106. Calculate w(4).
6
Let u(j) = j**3 + 60*j**2 - 62*j - 53. Calculate u(-61).
8
Let f(m) = m**2 - 4*m - 2. What is f(-5)?
43
Let d(u) = 2*u + 45. Calculate d(-12).
21
Let i(j) = 14*j**2 - 2*j - 2. Calculate i(-1).
14
Let x(s) = s**3 + 2*s**2 + 5*s + 11. What is x(-4)?
-41
Let s(u) = u**2 + 12*u - 5. Determine s(-12).
-5
Let c(n) = -n**